4.
18
What is the greatest common divisor of 245 and 1568?
49
What is the highest common factor of 3312 and 506?
46
What is the highest common divisor of 2555 and 175?
35
What is the greatest common divisor of 26 and 1378?
26
What is the highest common divisor of 85 and 1547?
17
Calculate the greatest common factor of 52 and 130.
26
Calculate the greatest common divisor of 4950 and 264.
66
What is the greatest common factor of 583 and 53?
53
What is the greatest common factor of 4320 and 81?
27
What is the greatest common divisor of 280 and 770?
70
What is the highest common divisor of 423 and 63?
9
What is the greatest common factor of 351 and 78?
39
What is the greatest common divisor of 298 and 10?
2
What is the greatest common factor of 1829 and 155?
31
Calculate the highest common divisor of 44 and 108.
4
What is the highest common factor of 2961 and 162?
9
Calculate the greatest common divisor of 39 and 91.
13
Calculate the greatest common divisor of 15 and 190.
5
Calculate the highest common divisor of 44 and 814.
22
What is the greatest common factor of 9757 and 22?
11
Calculate the highest common factor of 29 and 3.
1
Calculate the greatest common factor of 55 and 8195.
55
Calculate the highest common divisor of 296 and 111.
37
What is the greatest common factor of 24 and 536?
8
Calculate the greatest common factor of 94 and 6.
2
What is the greatest common divisor of 1064 and 456?
152
Calculate the highest common factor of 38 and 76.
38
Calculate the greatest common divisor of 162 and 120.
6
Calculate the greatest common factor of 697 and 82.
41
Calculate the highest common factor of 12089 and 154.
77
What is the greatest common divisor of 172 and 8?
4
Calculate the greatest common factor of 29 and 2.
1
Calculate the highest common divisor of 31312 and 1216.
304
What is the highest common divisor of 294 and 966?
42
What is the greatest common divisor of 868 and 112?
28
Calculate the greatest common divisor of 7325 and 50.
25
What is the greatest common divisor of 3 and 129?
3
What is the greatest common divisor of 916 and 8?
4
What is the greatest common divisor of 45 and 1070?
5
Calculate the highest common divisor of 3129 and 168.
21
Calculate the greatest common factor of 80 and 4120.
40
What is the greatest common factor of 2821 and 91?
91
What is the greatest common factor of 63 and 31815?
63
What is the highest common factor of 312 and 3224?
104
What is the greatest common factor of 71680 and 112?
112
Calculate the highest common divisor of 400 and 375.
25
Calculate the greatest common divisor of 37297 and 247.
247
Calculate the greatest common factor of 20 and 3848.
4
Calculate the highest common divisor of 16 and 16.
16
Calculate the greatest common factor of 133 and 247.
19
What is the highest common divisor of 5 and 1370?
5
What is the highest common divisor of 24 and 114?
6
What is the highest common divisor of 728 and 280?
56
Calculate the highest common factor of 176 and 1100.
44
What is the highest common factor of 1534 and 413?
59
What is the greatest common divisor of 25980 and 45?
15
What is the highest common divisor of 29952 and 128?
128
What is the highest common factor of 342 and 570?
114
Calculate the highest common factor of 775 and 4805.
155
Calculate the highest common factor of 20 and 8.
4
What is the highest common divisor of 16 and 26?
2
What is the highest common divisor of 2779 and 63?
7
What is the highest common divisor of 688 and 3612?
172
What is the greatest common factor of 425 and 476?
17
Calculate the greatest common factor of 4571 and 35.
7
Calculate the greatest common divisor of 121 and 968.
121
What is the highest common factor of 2001 and 621?
69
What is the greatest common factor of 576 and 108?
36
What is the highest common divisor of 16 and 396?
4
What is the highest common factor of 94 and 4?
2
What is the greatest common divisor of 4410 and 60?
30
Calculate the greatest common factor of 651 and 105.
21
Calculate the greatest common factor of 50 and 16550.
50
Calculate the highest common divisor of 29 and 319.
29
What is the greatest common factor of 1393 and 6567?
199
Calculate the highest common divisor of 30 and 750.
30
What is the highest common factor of 1 and 2?
1
Calculate the greatest common factor of 1644 and 12.
12
Calculate the highest common divisor of 1748 and 92.
92
What is the greatest common divisor of 370 and 20?
10
What is the highest common factor of 518 and 28?
14
What is the highest common factor of 9 and 396?
9
What is the greatest common divisor of 832 and 160?
32
Calculate the highest common divisor of 4066 and 428.
214
What is the highest common factor of 280 and 35?
35
What is the greatest common factor of 1505 and 35?
35
What is the highest common divisor of 510 and 918?
102
What is the greatest common factor of 91 and 104?
13
What is the highest common factor of 46 and 64?
2
Calculate the highest common divisor of 97 and 1.
1
What is the highest common factor of 72 and 90?
18
Calculate the highest common divisor of 146 and 5110.
146
Calculate the highest common divisor of 564 and 48.
12
Calculate the greatest common factor of 434 and 1116.
62
Calculate the greatest common factor of 36 and 198.
18
What is the greatest common divisor of 254 and 1651?
127
What is the highest common factor of 61 and 3?
1
What is the greatest common factor of 253 and 9660?
23
What is the greatest common divisor of 221 and 187?
17
Calculate the highest common divisor of 1375 and 1125.
125
What is the greatest common factor of 442 and 272?
34
Calculate the greatest common factor of 1677 and 43.
43
What is the highest common divisor of 78 and 52?
26
What is the greatest common factor of 24 and 72?
24
Calculate the highest common divisor of 567 and 21.
21
Calculate the highest common factor of 28 and 238.
14
What is the highest common divisor of 32 and 1568?
32
Calculate the greatest common divisor of 180 and 9.
9
Calculate the greatest common divisor of 6688 and 16.
16
Calculate the greatest common factor of 627 and 19.
19
Calculate the greatest common divisor of 112010 and 230.
230
Calculate the greatest common divisor of 115 and 1472.
23
What is the highest common divisor of 185 and 5?
5
Calculate the highest common factor of 26389 and 22.
11
What is the greatest common divisor of 32 and 2?
2
What is the highest common factor of 34 and 1343?
17
Calculate the greatest common factor of 6289 and 19.
19
Calculate the greatest common divisor of 810 and 30.
30
Calculate the highest common factor of 9164 and 237.
79
Calculate the highest common factor of 204 and 34476.
204
What is the greatest common factor of 6 and 582?
6
What is the highest common factor of 19589 and 19?
19
What is the highest common factor of 18 and 2718?
18
What is the highest common divisor of 12 and 1788?
12
Calculate the highest common factor of 168 and 63.
21
Calculate the highest common factor of 24 and 132.
12
What is the highest common factor of 31 and 21669?
31
What is the greatest common factor of 2090 and 110?
110
Calculate the greatest common divisor of 972 and 36.
36
Calculate the greatest common factor of 12 and 20364.
12
Calculate the greatest common factor of 2664 and 72.
72
What is the greatest common divisor of 1539 and 675?
27
What is the greatest common divisor of 1104 and 3450?
138
Calculate the greatest common divisor of 108 and 1488.
12
What is the greatest common factor of 893 and 152?
19
Calculate the highest common factor of 835 and 1.
1
Calculate the highest common factor of 76 and 722.
38
Calculate the highest common factor of 2 and 2.
2
What is the highest common divisor of 1808 and 113?
113
What is the greatest common factor of 136 and 51?
17
What is the greatest common factor of 4 and 3?
1
Calculate the highest common factor of 4130 and 28.
14
What is the highest common factor of 4130 and 595?
35
What is the highest common divisor of 39 and 1885?
13
Calculate the greatest common factor of 6 and 9.
3
Calculate the greatest common divisor of 934 and 2.
2
Calculate the greatest common divisor of 608 and 64.
32
What is the greatest common factor of 392 and 1160?
8
Calculate the greatest common divisor of 4070 and 37.
37
What is the highest common divisor of 6 and 208?
2
Calculate the grea